{"id":24,"date":"2016-01-24T11:59:59","date_gmt":"2016-01-24T10:59:59","guid":{"rendered":"http:\/\/new.sturmvogel.ch\/?page_id=24"},"modified":"2018-02-05T10:52:15","modified_gmt":"2018-02-05T09:52:15","slug":"stufen","status":"publish","type":"page","link":"https:\/\/www.pfadi-kreuzlingen.ch\/cms\/stufen\/","title":{"rendered":"Stufen"},"content":{"rendered":"<h3>Der Aufbau &#8211; Wie unsere Abteilungen funktionieren<\/h3>\n<p>Unsere Abteilungen sind seit Jahren sehr gesund und aktiv in der Pfadiarbeit. Die Strukturen entsprechen der Idee, wie eine Pfadiabteilung in der Schweiz sein sollte. Zur Abteilung geh\u00f6ren die f\u00fcnf Stufen.<\/p>\n<div class=\"row\">\n<div class=\"col-md-2 col-xs-12 text-md-left text-lg-right\"><a href=\"https:\/\/www.pfadi-kreuzlingen.ch\/cms\/stufen\/biberstufe\/\"><strong>Biberstufe<\/strong><\/a>:<\/div>\n<div class=\"col-md-10 col-xs-12\">Die J\u00fcngsten sind in der Biberstufe. Die Biberstufe wird von den Sturmv\u00f6geln und Seem\u00f6ven gemeinsam geleitet. <a href=\"https:\/\/www.pfadi-kreuzlingen.ch\/cms\/stufen\/biberstufe\/\">Mehr erfahren&#8230;<\/a><\/div>\n<\/div>\n<div class=\"row\">\n<div class=\"col-md-2 col-xs-12 text-md-left text-lg-right\"><strong><a href=\"https:\/\/www.pfadi-kreuzlingen.ch\/cms\/stufen\/wolfsstufe\/\">Wolfsstufe<\/a><\/strong>:<\/div>\n<div class=\"col-md-10 col-xs-12\">Bei Sturmvogel gibt es die beiden Meuten Jupiter und Zeus, bei den Seem\u00f6ven die Meute Pinguin. Diese werden dann in kleinere Rudel aufgeteilt. Die Leiter organisieren die Pfadiaktivit\u00e4ten. <a href=\"https:\/\/www.pfadi-kreuzlingen.ch\/cms\/stufen\/wolfsstufe\/\">Mehr erfahren&#8230;<\/a><\/div>\n<\/div>\n<div class=\"row\">\n<div class=\"col-md-2 col-xs-12 text-md-left text-lg-right\"><strong><a href=\"https:\/\/www.pfadi-kreuzlingen.ch\/cms\/stufen\/pfadistufe\/\">Pfadistufe<\/a><\/strong>:<\/div>\n<div class=\"col-md-10 col-xs-12\">Die Pfadistufe ist in St\u00e4mmen und F\u00e4hnli organisiert. Ein Stamm beinhaltet mehrere F\u00e4hnli. Die F\u00e4hnlileiter organisieren zusammen mit den Stufenleitern das Pfadiprogramm. <a href=\"https:\/\/www.pfadi-kreuzlingen.ch\/cms\/stufen\/pfadistufe\/\">Mehr erfahren&#8230;<\/a><\/div>\n<\/div>\n<div class=\"row\">\n<div class=\"col-md-2 col-xs-12 text-md-left text-lg-right\"><strong><a href=\"https:\/\/www.pfadi-kreuzlingen.ch\/cms\/stufen\/piostufe\/\">Piostufe<\/a><\/strong>:<\/div>\n<div class=\"col-md-10 col-xs-12\">Als eine der wenigen Abteilungen im Kanton Thurgau haben wir eine aktive Piostufe. Die Pios nehmen an kantonalen Events teil und organisieren ihr Programm mit den Pioleitern selbstst\u00e4ndig. <a href=\"https:\/\/www.pfadi-kreuzlingen.ch\/cms\/stufen\/piostufe\/\">Mehr erfahren&#8230;<\/a><\/div>\n<\/div>\n<div class=\"row\">\n<div class=\"col-md-2 col-xs-12 text-md-left text-lg-right\"><strong><a href=\"https:\/\/www.pfadi-kreuzlingen.ch\/cms\/stufen\/roverstufe\/\">Roverstufe<\/a><\/strong>:<\/div>\n<div class=\"col-md-10 col-xs-12\">Die Roverstufe setzt sich aus den \u00e4lteren Leitern zusammen. Sie organisieren eigene Events, gehen zusammen aus oder nehmen an kantonalen und nationalen Events teil. <a href=\"https:\/\/www.pfadi-kreuzlingen.ch\/cms\/stufen\/roverstufe\/\">Mehr erfahren&#8230;<\/a><\/div>\n<\/div>\n<div class=\"row\">\n<div class=\"col-md-12 col-xs-12\">\n<p>Die Stufenleiter koordinieren die Stufen jeweils. Sie werden gecoacht von den Ausbildungsleitern. Das Material beziehen sie \u00fcber den Materialwart oder den Quartiermeister.<\/p>\n<p>Die gesamten Stufen werden von den Abteilungsleitern koordiniert. Sie halten die F\u00e4den f\u00fcr die Abteilung zusammen und schaut zum Rechten im Pfadibetrieb. Unterst\u00fctzt wird die Abteilungsleitung (Ausbildung, QM, Materialwart, Abteilungsleiter, Stufenleiter) durch den Abteilungsvorstand. Dies ist eine Gruppe (meist Eltern), welche den aktiven Leitern mit Rat und Tat zur Seite steht und m\u00f6gliche Beziehungen zu Gunsten der Pfadi nutzt.<\/p>\n<\/div>\n<\/div>\n","protected":false},"excerpt":{"rendered":"<p>Der Aufbau &#8211; Wie unsere Abteilungen funktionieren Unsere Abteilungen sind seit Jahren sehr gesund und aktiv in der Pfadiarbeit. Die Strukturen entsprechen der Idee, wie eine Pfadiabteilung in der Schweiz [&hellip;]<\/p>\n","protected":false},"author":3,"featured_media":0,"parent":0,"menu_order":0,"comment_status":"closed","ping_status":"closed","template":"","meta":{"footnotes":""},"class_list":["post-24","page","type-page","status-publish","hentry"],"_links":{"self":[{"href":"https:\/\/www.pfadi-kreuzlingen.ch\/cms\/wp-json\/wp\/v2\/pages\/24","targetHints":{"allow":["GET"]}}],"collection":[{"href":"https:\/\/www.pfadi-kreuzlingen.ch\/cms\/wp-json\/wp\/v2\/pages"}],"about":[{"href":"https:\/\/www.pfadi-kreuzlingen.ch\/cms\/wp-json\/wp\/v2\/types\/page"}],"author":[{"embeddable":true,"href":"https:\/\/www.pfadi-kreuzlingen.ch\/cms\/wp-json\/wp\/v2\/users\/3"}],"replies":[{"embeddable":true,"href":"https:\/\/www.pfadi-kreuzlingen.ch\/cms\/wp-json\/wp\/v2\/comments?post=24"}],"version-history":[{"count":20,"href":"https:\/\/www.pfadi-kreuzlingen.ch\/cms\/wp-json\/wp\/v2\/pages\/24\/revisions"}],"predecessor-version":[{"id":1541,"href":"https:\/\/www.pfadi-kreuzlingen.ch\/cms\/wp-json\/wp\/v2\/pages\/24\/revisions\/1541"}],"wp:attachment":[{"href":"https:\/\/www.pfadi-kreuzlingen.ch\/cms\/wp-json\/wp\/v2\/media?parent=24"}],"curies":[{"name":"wp","href":"https:\/\/api.w.org\/{rel}","templated":true}]}}