{"id":2518,"date":"2020-03-28T17:23:51","date_gmt":"2020-03-28T16:23:51","guid":{"rendered":"https:\/\/www.pfadi-kreuzlingen.ch\/cms\/?page_id=2518"},"modified":"2021-03-03T22:53:07","modified_gmt":"2021-03-03T21:53:07","slug":"homescouting","status":"publish","type":"page","link":"https:\/\/www.pfadi-kreuzlingen.ch\/cms\/homescouting\/","title":{"rendered":"Homescouting"},"content":{"rendered":"\n<p>Gl\u00fccklicherweise k\u00f6nnen wir wieder normale Pfadiaktivit\u00e4ten mit euch durchf\u00fchren. Unser Homescouting-Archiv bleibt euch jedoch weiterhin vorhanden.<\/p>\n<p>Wir freuen uns auf viele spannende und abenteuerliche Samstage mit euch im Wald. Bis bald!<\/p>\n<p>\u00a0<\/p>\n<p><strong>Kalenderwoche 4<\/strong><\/p>\n<ul>\n<li><a href=\"https:\/\/www.pfadi-kreuzlingen.ch\/cms\/wp-content\/uploads\/2021\/01\/20210127_PfadiKreuzlingen_Laternebasteln.pdf\">20210127_PfadiKreuzlingen_Laterne basteln<\/a><\/li>\n<\/ul>\n<p><strong>Kalenderwoche 3<\/strong><\/p>\n<ul>\n<li><a href=\"https:\/\/www.pfadi-kreuzlingen.ch\/cms\/wp-content\/uploads\/2021\/01\/20210120_PfadiKreuzlingen_Sparschwein.pdf\">20210120_PfadiKreuzlingen_Sparschwein basteln<\/a><\/li>\n<li><a href=\"https:\/\/www.pfadi-kreuzlingen.ch\/cms\/wp-content\/uploads\/2021\/01\/20210123_PfadiKreuzlingen_Schoggifondue.pdf\">20210123_PfadiKreuzlingen_Schoggifondue<\/a><\/li>\n<\/ul>\n<p><strong>Kalenderwoche 2<\/strong><\/p>\n<ul>\n<li><a href=\"https:\/\/www.pfadi-kreuzlingen.ch\/cms\/wp-content\/uploads\/2021\/01\/20210124_PfadiKreuzlingen_Schneemann.pdf\">20210116_PfadiKreuzlingen_Schneemann bauen<\/a><\/li>\n<\/ul>\n<p><strong>Kalenderwoche 1<\/strong><\/p>\n<ul>\n<li><a href=\"https:\/\/www.pfadi-kreuzlingen.ch\/cms\/wp-content\/uploads\/2021\/01\/20210109_PfadiKreuzlingen_Engelsmocken.pdf\">20210109_PfadiKreuzlingen_Engelsmocken<\/a><\/li>\n<\/ul>\n<p><strong>Jahr 2020, Homescouting Waldweihnachten (KW50)<\/strong><\/p>\n<ul>\n<li><a href=\"https:\/\/www.pfadi-kreuzlingen.ch\/cms\/wp-content\/uploads\/2020\/12\/20201212_Pfadistufe_Seem\u00f6ve_KartenundGartenb\u00e4ume.pdf\">20201212_Pfadistufe_Seem\u00f6ve_Waldweihnachten<\/a><\/li>\n<li><a href=\"https:\/\/www.pfadi-kreuzlingen.ch\/cms\/wp-content\/uploads\/2020\/12\/20201212_Wolfsstufe_KW50_Waldweihnacht.pdf\">20201212_Wolfsstufe_Alle_Waldweihnachten<\/a><\/li>\n<\/ul>\n<p><strong>Homescouting Pfadistufe Sturmvogel (ab KW 45)<\/strong><\/p>\n<ul>\n<li><a href=\"https:\/\/www.pfadi-kreuzlingen.ch\/cms\/wp-content\/uploads\/2020\/11\/20201107_K\u00fcrbisSchnitzen.pdf\">20201007_Pfadistufe STVO_K\u00fcrbisschnitzen<\/a><\/li>\n<li><a href=\"https:\/\/www.pfadi-kreuzlingen.ch\/cms\/wp-content\/uploads\/2020\/11\/20201114_PfadiKreuzlingen_Sch\u00fcchebrenne.pdf\">20201121_Pfadistufe_STVO_Sch\u00fcchenbrennen<\/a><\/li>\n<li><a href=\"https:\/\/www.pfadi-kreuzlingen.ch\/cms\/wp-content\/uploads\/2020\/11\/20201128_Pfadistufe_Weihnachtsdeko-Kopie.pdf\">20201128_Pfadistufe_STVO_Weihnachtsdeko<\/a><\/li>\n<li><a href=\"https:\/\/www.pfadi-kreuzlingen.ch\/cms\/wp-content\/uploads\/2020\/12\/20201205_Pfadistufe_Grittibenz-Kopie.pdf\">20201205_Pfadistufe_STVO_Grittibenz<\/a><\/li>\n<\/ul>\n<p><strong>Kalenderwoche 23<\/strong><\/p>\n<ul>\n<li><a href=\"https:\/\/www.pfadi-kreuzlingen.ch\/cms\/wp-content\/uploads\/2020\/06\/20200602_PfadiKreuzlingen_Leiterlispiel_Druck.jpg\"><img loading=\"lazy\" decoding=\"async\" class=\"alignnone  wp-image-2667\" src=\"https:\/\/www.pfadi-kreuzlingen.ch\/cms\/wp-content\/uploads\/2020\/06\/20200602_PfadiKreuzlingen_Leiterlispiel_Druck-300x222.jpg\" alt=\"\" width=\"267\" height=\"198\" srcset=\"https:\/\/www.pfadi-kreuzlingen.ch\/cms\/wp-content\/uploads\/2020\/06\/20200602_PfadiKreuzlingen_Leiterlispiel_Druck-300x222.jpg 300w, https:\/\/www.pfadi-kreuzlingen.ch\/cms\/wp-content\/uploads\/2020\/06\/20200602_PfadiKreuzlingen_Leiterlispiel_Druck-768x568.jpg 768w, https:\/\/www.pfadi-kreuzlingen.ch\/cms\/wp-content\/uploads\/2020\/06\/20200602_PfadiKreuzlingen_Leiterlispiel_Druck.jpg 1024w\" sizes=\"auto, (max-width: 267px) 100vw, 267px\" \/><\/a><\/li>\n<li><a href=\"https:\/\/www.pfadi-kreuzlingen.ch\/cms\/wp-content\/uploads\/2020\/06\/20200602_PfadiKreuzlingen_Leiterlispiel_Anleitung.pdf\">20200602_PfadiKreuzlingen_Leiterlispiel_Anleitung<\/a><\/li>\n<\/ul>\n<p><strong>Kalenderwoche 22<\/strong><\/p>\n<ul>\n<li><a href=\"https:\/\/www.pfadi-kreuzlingen.ch\/cms\/wp-content\/uploads\/2020\/05\/20200526_PfadiKreuzlingen_Sandsturm.pdf\">20200526_PfadiKreuzlingen_Sandsturm<\/a><\/li>\n<li><a href=\"https:\/\/www.pfadi-kreuzlingen.ch\/cms\/wp-content\/uploads\/2020\/05\/20200528_PfadiKreuzlingen_Kravattenring.pdf\">20200528_PfadiKreuzlingen_Kravattenring<\/a><\/li>\n<\/ul>\n<p><strong>Kalenderwoche 21<\/strong><\/p>\n<ul>\n<li><a href=\"https:\/\/www.pfadi-kreuzlingen.ch\/cms\/wp-content\/uploads\/2020\/05\/20200519_PfadiKreuzlingen_KravatteNaehen.pdf\">20200519_PfadiKreuzlingen_KravatteNaehen<\/a><\/li>\n<li><a href=\"https:\/\/www.pfadi-kreuzlingen.ch\/cms\/wp-content\/uploads\/2020\/05\/20200523_PfadiKreuzlingen_Schatzsuche.pdf\">20200521_PfadiKreuzlingen_Schatzsuche<\/a><\/li>\n<li><a href=\"https:\/\/www.pfadi-kreuzlingen.ch\/cms\/wp-content\/uploads\/2020\/05\/20200521_PfadiKreuzlingen_Affenfaust.pdf\">20200523_PfadiKreuzlingen_Affenfaust<\/a><\/li>\n<\/ul>\n<p><strong>Kalenderwoche 20<\/strong><\/p>\n<ul>\n<li><a href=\"https:\/\/www.pfadi-kreuzlingen.ch\/cms\/wp-content\/uploads\/2020\/05\/20200512_PfadiKreuzlingen_\u00c4lplermagrone.pdf\">20200512_PfadiKreuzlingen_\u00c4lplermagrone<\/a><\/li>\n<li><a href=\"https:\/\/www.pfadi-kreuzlingen.ch\/cms\/wp-content\/uploads\/2020\/05\/20200514_PfadiKreuzlingen_Kuegelibahn.pdf\">20200514_PfadiKreuzlingen_Kuegelibahn<\/a><\/li>\n<li><a href=\"https:\/\/www.pfadi-kreuzlingen.ch\/cms\/wp-content\/uploads\/2020\/05\/20200516_PfadiKreuzlingen_W\u00f6lflischrift-Brief_entschl\u00fcsseln.pdf\">20200516_PfadiKreuzlingen_W\u00f6lflischrift-Brief_entschl\u00fcsseln<\/a><\/li>\n<li><a href=\"https:\/\/www.pfadi-kreuzlingen.ch\/cms\/wp-content\/uploads\/2020\/05\/20200516_PfadiKreuzlingen_W\u00f6lflischrift-Brief.pdf\">20200516_PfadiKreuzlingen_W\u00f6lflischrift-Brief<\/a><\/li>\n<li><a href=\"https:\/\/www.pfadi-kreuzlingen.ch\/cms\/wp-content\/uploads\/2020\/05\/\u00dcbersetzungsschl\u00fcssel.png\"><img loading=\"lazy\" decoding=\"async\" class=\"alignnone size-medium wp-image-2635\" src=\"https:\/\/www.pfadi-kreuzlingen.ch\/cms\/wp-content\/uploads\/2020\/05\/\u00dcbersetzungsschl\u00fcssel-238x300.png\" alt=\"\" width=\"238\" height=\"300\" srcset=\"https:\/\/www.pfadi-kreuzlingen.ch\/cms\/wp-content\/uploads\/2020\/05\/\u00dcbersetzungsschl\u00fcssel-238x300.png 238w, https:\/\/www.pfadi-kreuzlingen.ch\/cms\/wp-content\/uploads\/2020\/05\/\u00dcbersetzungsschl\u00fcssel.png 768w\" sizes=\"auto, (max-width: 238px) 100vw, 238px\" \/><\/a><\/li>\n<\/ul>\n<p><strong>Kalenderwoche 19<\/strong><\/p>\n<ul>\n<li><a href=\"https:\/\/www.pfadi-kreuzlingen.ch\/cms\/wp-content\/uploads\/2020\/05\/20200505_PfadiKreuzlingen_GuteNachtGeschichte.pdf\">20200505_PfadiKreuzlingen_GuteNachtGeschichte<\/a><\/li>\n<li><a href=\"https:\/\/www.pfadi-kreuzlingen.ch\/cms\/wp-content\/uploads\/2020\/05\/20200507_PfadiKreuzlingen_KissenKartonBurg.pdf\">20200507_PfadiKreuzlingen_KissenKartonBurg<\/a><\/li>\n<li>\n<div style=\"width: 1280px;\" class=\"wp-video\"><video class=\"wp-video-shortcode\" id=\"video-2518-1\" width=\"1280\" height=\"720\" preload=\"metadata\" controls=\"controls\"><source type=\"video\/mp4\" src=\"https:\/\/www.pfadi-kreuzlingen.ch\/cms\/wp-content\/uploads\/2020\/05\/20200507_PfadiKreuzlingen_HausburgBauen_720.mp4?_=1\" \/><a href=\"https:\/\/www.pfadi-kreuzlingen.ch\/cms\/wp-content\/uploads\/2020\/05\/20200507_PfadiKreuzlingen_HausburgBauen_720.mp4\">https:\/\/www.pfadi-kreuzlingen.ch\/cms\/wp-content\/uploads\/2020\/05\/20200507_PfadiKreuzlingen_HausburgBauen_720.mp4<\/a><\/video><\/div>\n<\/li>\n<li><a href=\"https:\/\/www.pfadi-kreuzlingen.ch\/cms\/wp-content\/uploads\/2020\/05\/20200507_PfadiKreuzlingen_PfadiTechnikKreuzwortr\u00e4tsel.pdf\">20200509_PfadiKreuzlingen_PfadiTechnikKreuzwortr\u00e4tsel<\/a><\/li>\n<\/ul>\n<p><strong>Kalenderwoche 18<\/strong><\/p>\n<ul>\n<li><a href=\"https:\/\/www.pfadi-kreuzlingen.ch\/cms\/wp-content\/uploads\/2020\/04\/20200428_PfadiKreuzlingen_Popcorn.pdf\">20200428_PfadiKreuzlingen_Popcorn<\/a><\/li>\n<li><a href=\"https:\/\/www.pfadi-kreuzlingen.ch\/cms\/wp-content\/uploads\/2020\/05\/20200430_PfadiKreuzlingen_Pinnwand.pdf\">20200430_PfadiKreuzlingen_Pinnwand<\/a><\/li>\n<li><a href=\"https:\/\/www.pfadi-kreuzlingen.ch\/cms\/wp-content\/uploads\/2020\/05\/20200502_PfadiKreuzlingen_Seiltechnik_Fischerknoten.pdf\">20200502_PfadiKreuzlingen_Seiltechnik_Fischerknoten<\/a><\/li>\n<\/ul>\n<p><strong>Kalenderwoche 17<\/strong><\/p>\n<ul>\n<li><a href=\"https:\/\/www.pfadi-kreuzlingen.ch\/cms\/wp-content\/uploads\/2020\/04\/20200421_PfadiKreuzlingen_Fotzelschnitten.pdf\">20200421_PfadiKreuzlingen_Fotzelschnitten<\/a><\/li>\n<li><a href=\"https:\/\/www.pfadi-kreuzlingen.ch\/cms\/wp-content\/uploads\/2020\/04\/20200423_PfadiKreuzlingen_Salzteigfiguren.pdf\">20200423_PfadiKreuzlingen_Salzteigfiguren<\/a><\/li>\n<li><a href=\"https:\/\/www.pfadi-kreuzlingen.ch\/cms\/wp-content\/uploads\/2020\/04\/20200425_PfadiKreuzlingen_Quiz.pdf\">20200425_PfadiKreuzlingen_Quiz<\/a><\/li>\n<li><a href=\"https:\/\/www.pfadi-kreuzlingen.ch\/cms\/wp-content\/uploads\/2020\/04\/20200425_PfadiKreuzlingen_Quiz_Loesungen.pdf\">20200425_PfadiKreuzlingen_Quiz_Loesungen<\/a><\/li>\n<\/ul>\n<p><strong>Kalenderwoche 16<\/strong><\/p>\n<ul>\n<li><a href=\"https:\/\/www.pfadi-kreuzlingen.ch\/cms\/wp-content\/uploads\/2020\/04\/20200411_Pfadikreuzlingen_Schlangenbrot.pdf\">20200414_Pfadikreuzlingen_Schlangenbrot<\/a><\/li>\n<li><a href=\"https:\/\/www.pfadi-kreuzlingen.ch\/cms\/wp-content\/uploads\/2020\/04\/20200416_PfadiKreuzlingen_Kravattenknopf.pdf\">20200416_PfadiKreuzlingen_Kravattenknopf<\/a><\/li>\n<li><a href=\"https:\/\/www.pfadi-kreuzlingen.ch\/cms\/wp-content\/uploads\/2020\/04\/20200418_PfadiKreuzlingen_PfadiMandala.pdf\">20200418_PfadiKreuzlingen_PfadiMandala<\/a><\/li>\n<li><a href=\"https:\/\/www.pfadi-kreuzlingen.ch\/cms\/wp-content\/uploads\/2020\/04\/20200418_PfadiKreuzlingen_PfadfinderzumAusdrucken.pdf\">20200418_PfadiKreuzlingen_PfadfinderzumAusdrucken<\/a><\/li>\n<\/ul>\n<p><strong>Kalenderwoche 15<\/strong><\/p>\n<ul>\n<li><a href=\"https:\/\/www.pfadi-kreuzlingen.ch\/cms\/wp-content\/uploads\/2020\/04\/20200328_PfadiKreuzlingen_BriefanGrosseltern.pdf\">20200407_PfadiKreuzlingen_BriefanGrosseltern<\/a><\/li>\n<li><a href=\"https:\/\/www.pfadi-kreuzlingen.ch\/cms\/wp-content\/uploads\/2020\/04\/20200409_PfadiKreuzlingen_PfadiMemory_Anleitung.pdf\">20200409_PfadiKreuzlingen_PfadiMemory_Anleitung<\/a><\/li>\n<li><a href=\"https:\/\/www.pfadi-kreuzlingen.ch\/cms\/wp-content\/uploads\/2020\/04\/20200409_PfadiKreuzlingen_PfadiMemory.pdf\">20200409_PfadiKreuzlingen_PfadiMemory<\/a><\/li>\n<li><a href=\"https:\/\/www.pfadi-kreuzlingen.ch\/cms\/wp-content\/uploads\/2020\/04\/20200411_PfadiKreuzlingen_EierfaerbenmitZwiebelhaeuten.pdf\">20200411_PfadiKreuzlingen_Eierf\u00e4rbenmitZwiebelh\u00e4uten<\/a><\/li>\n<\/ul>\n<p><strong>Kalenderwoche 14<\/strong><\/p>\n<ul>\n<li><a href=\"https:\/\/www.pfadi-kreuzlingen.ch\/cms\/wp-content\/uploads\/2020\/03\/20200328_PfadiKreuzlingen_SchoggiBananen.pdf\" target=\"_blank\" rel=\"noopener noreferrer\">20200331_PfadiKreuzlingen_SchoggiBananen<\/a><\/li>\n<li><a href=\"https:\/\/www.pfadi-kreuzlingen.ch\/cms\/wp-content\/uploads\/2020\/04\/20200402_PfadiKreuzlingen_Waldmandala.pdf\">20200402_PfadiKreuzlingen_Waldmandala<\/a><\/li>\n<li><a href=\"https:\/\/www.pfadi-kreuzlingen.ch\/cms\/wp-content\/uploads\/2020\/04\/20200402_PfadiKreuzlingen_Morsen.pdf\">20200402_PfadiKreuzlingen_Morsen<\/a><\/li>\n<li><a href=\"https:\/\/www.pfadi-kreuzlingen.ch\/cms\/wp-content\/uploads\/2020\/04\/20200402_PfadiKreuzlingen_Morseschl\u00fcssel.pdf\">20200402_PfadiKreuzlingen_Morseschl\u00fcssel<\/a><\/li>\n<\/ul>\n<p>Kalenderwochen 2<\/p>\n<ul>\n<li><a href=\"https:\/\/www.pfadi-kreuzlingen.ch\/cms\/wp-content\/uploads\/2021\/01\/Dreik\u00f6nigskuchen-1.docx\">20211301_PfadiKreuzlingen_Dreik\u00f6nigskuchen<\/a><\/li>\n<\/ul>\n<p>\u00a0<\/p>\n","protected":false},"excerpt":{"rendered":"<p>Gl\u00fccklicherweise k\u00f6nnen wir wieder normale Pfadiaktivit\u00e4ten mit euch durchf\u00fchren. Unser Homescouting-Archiv bleibt euch jedoch weiterhin vorhanden. Wir freuen uns auf viele spannende und abenteuerliche Samstage mit euch im Wald. Bis [&hellip;]<\/p>\n","protected":false},"author":9,"featured_media":0,"parent":0,"menu_order":0,"comment_status":"closed","ping_status":"closed","template":"","meta":{"footnotes":""},"class_list":["post-2518","page","type-page","status-publish","hentry"],"_links":{"self":[{"href":"https:\/\/www.pfadi-kreuzlingen.ch\/cms\/wp-json\/wp\/v2\/pages\/2518","targetHints":{"allow":["GET"]}}],"collection":[{"href":"https:\/\/www.pfadi-kreuzlingen.ch\/cms\/wp-json\/wp\/v2\/pages"}],"about":[{"href":"https:\/\/www.pfadi-kreuzlingen.ch\/cms\/wp-json\/wp\/v2\/types\/page"}],"author":[{"embeddable":true,"href":"https:\/\/www.pfadi-kreuzlingen.ch\/cms\/wp-json\/wp\/v2\/users\/9"}],"replies":[{"embeddable":true,"href":"https:\/\/www.pfadi-kreuzlingen.ch\/cms\/wp-json\/wp\/v2\/comments?post=2518"}],"version-history":[{"count":68,"href":"https:\/\/www.pfadi-kreuzlingen.ch\/cms\/wp-json\/wp\/v2\/pages\/2518\/revisions"}],"predecessor-version":[{"id":2962,"href":"https:\/\/www.pfadi-kreuzlingen.ch\/cms\/wp-json\/wp\/v2\/pages\/2518\/revisions\/2962"}],"wp:attachment":[{"href":"https:\/\/www.pfadi-kreuzlingen.ch\/cms\/wp-json\/wp\/v2\/media?parent=2518"}],"curies":[{"name":"wp","href":"https:\/\/api.w.org\/{rel}","templated":true}]}}